21?
19
Let g be 16/7 - 4/14. Suppose 2*b + 6 = -5*u - 14, -b + g*u = 1. Calculate the remainder when ((-21)/b)/((-2)/(-10)) is divided by 11.
10
Let f(s) = -93*s**2 + s. Let y be f(-1). Let i = -51 - y. What is the remainder when i is divided by 15?
13
Suppose 0 = -4*f - 2*v + 156, f - 4*v = -5*v + 41. Calculate the remainder when f is divided by 20.
17
Suppose h = -4*j + 7, h = -j + 6*h + 28. Let a be (-2)/(-7) + (-18)/14. Calculate the remainder when -4 + 3 + a + 9 is divided by j.
1
Let q(r) = -r**3 + r**2 + 38. Let x(v) = 1 + 5*v**3 - 2*v**3 - v**3 - 2*v**2 + 2*v. What is the remainder when q(0) is divided by x(2)?
12
Suppose 2*l + 10 = 7*l. Let s(w) = -l*w**2 + w**2 - 2 + 5 - 10*w. What is the remainder when 35 is divided by s(-9)?
11
Let l = 181 - 119. Let i = 97 - l. What is the remainder when i is divided by 9?
8
Calculate the remainder when 73 is divided by ((-125)/10)/((-3)/6).
23
Let c(u) = -50*u**2 + 4*u + 3. Let b(q) = q**2 + q + 1. Let f(i) = 3*b(i) - c(i). What is the remainder when f(-1) is divided by 14?
12
Suppose -4*d - 3*n + n = -152, 0 = -3*d + n + 119. Suppose -v - d = -2*v. Calculate the remainder when v is divided by 48/27*6 - 6/9.
9
Let u = -6 - -9. Suppose -i - 49 = -5*x + 2*x, -4*x - u*i + 87 = 0. What is the remainder when 34 is divided by x?
16
Let v = 1 - 1. Let b = 3 - v. Calculate the remainder when 10 is divided by b.
1
Let o be (8/12)/((-2)/(-21)). Suppose 4*h + 2*r = 92, 114 = -2*h + o*h + 2*r. Calculate the remainder when h is divided by 6.
4
Suppose 6 = -4*r + 18. What is the remainder when r is divided by 3?
0
Let x be 2*(-15)/(-6) - 1. Suppose -x*v - 2*f = f - 95, -3*v = -4*f - 65. Let c = -95 - -139. Calculate the remainder when c is divided by v.
21
Suppose 2*q + 5*n = 35, 0 = 2*q - n + 8 - 49. Let x = 44 - q. Let c(r) = -r**3 - 4*r**2 - 5*r - 7. Calculate the remainder when x is divided by c(-4).
11
Suppose 3*f + 6 = 5*x + 1, 4*x - 4 = 0. Let u(j) = j**3 - j**2 + 58. Let q = 25 - 5. Calculate the remainder when u(f) is divided by q.
18
Let m(t) = 5*t**2 - 3*t + 16. What is the remainder when m(4) is divided by 44?
40
Suppose 12 = n + 3*n. Suppose 0 = -5*i + n*a + 70, a + 5 + 24 = 2*i. Let v = i + -6. What is the remainder when v is divided by 6?
5
Let q(l) = l**3 - 10*l**2 + 8*l + 7. Let m be q(9). What is the remainder when (5/10)/(m/(-64)) is divided by 6?
4
Suppose 4*v = -2*s - 0 + 6, v = 2. Let y(r) = 8*r**2 - 1. Let z = -5 - -17. Calculate the remainder when z is divided by y(s).
5
Suppose 3*a = 3*i - 21, -4*a - 30 = -5*i + 7. Suppose -2*y = 5*p - 20, y + 25 = 5*p + 2*y. What is the remainder when p/(-21) - (-177)/7 is divided by i?
7
Let k = 70 - 49. Let d = 20 + k. Let z(f) = -f**3 - 4*f**2 + 2*f - 1. Calculate the remainder when d is divided by z(-5).
13
Suppose 0 = -q - 6 + 86. Calculate the remainder when q is divided by 21.
17
Suppose 4*o - 6*o + 8 = 0. What is the remainder when 9 is divided by o?
1
Let g(l) = 11*l - 6. Let x(c) = c**2 + 2*c. Let q be x(-2). Suppose -s + 13 = -q*s. Calculate the remainder when g(4) is divided by s.
12
Suppose 2 = -3*h + 14. What is the remainder when h is divided by 3?
1
Let c(h) = h**3 + 8*h**2 - 11*h - 6. Let w be 4/((-4)/7) - 2. Calculate the remainder when 23 is divided by c(w).
11
Let m = 10 + 3. Suppose -s - 7 = -5*z, -5*s + 4*z + 37 = 9. Calculate the remainder when m is divided by s.
5
Let f(t) = -2*t**3 - 4*t**2 - 18*t - 10. Calculate the remainder when f(-5) is divided by 33.
32
Suppose 63 = 6*g + 9. Calculate the remainder when 29 is divided by g.
2
Let b be 1 + -3 - 6/(-1). Suppose -60 = -b*z + 184. What is the remainder when z is divided by 21?
19
Suppose -5*o = -12 - 38. Calculate the remainder when 38 is divided by o.
8
Let r(h) = 9*h**3 + 2*h**2 - 1. Suppose -c - 24 = 3*c. Let a(m) = -m**2 - 8*m - 8. Calculate the remainder when r(1) is divided by a(c).
2
Suppose 20 = 4*s, -2*h - s + 20 = 3*s. Suppose 2*k + m - 14 = 0, h*m - 2*m - 14 = -2*k. Calculate the remainder when k is divided by 0 + -1 - 5*-1.
3
Suppose 5 = 2*c - 135. Calculate the remainder when c is divided by (-1)/((-2)/4)*12.
22
Suppose 7 = 3*l - 2. Suppose -o - 26 = -2*f, l*o + 57 = -3*f - 39. Let y = o - -43. Calculate the remainder when y is divided by 5.
3
Let f = -35 + 68. Calculate the remainder when f is divided by 12.
9
Suppose -48 = 62*z - 65*z. Calculate the remainder when 40 is divided by z.
8
Suppose 2*s - 3*o - 3 - 32 = 0, -5*o - 45 = -2*s. Let l(p) = p**3 - 10*p**2 + 7. What is the remainder when l(s) is divided by 3?
1
Let h = -115 + 145. What is the remainder when h is divided by 18?
12
Let m = 5 - -2. What is the remainder when (-2)/8 - 106/(-8) is divided by 1/(((-3)/m)/(-3))?
6
Let w = -2 + 4. Let a = 30 - 16. Calculate the remainder when a is divided by (w/(-3))/(12/(-90)).
4
Let d(q) = -4 + 0*q**3 + 6*q**2 - q**3 - 3*q**2 + 3*q**2. Let u be d(6). Calculate the remainder when u*(-1 - (-1 - -9)) is divided by 19.
17
Let l = 33 - 29. What is the remainder when 5 is divided by l?
1
Let g = -54 - -92. Calculate the remainder when g is divided by 13.
12
Suppose 5*g - 31 + 1 = 0. Suppose g*f = 8*f - 16. What is the remainder when 31 is divided by f?
7
Suppose 0*w = 4*a - 2*w - 12, 4*a = -2*w + 20. Suppose u = a*u - 36. Calculate the remainder when 22 is divided by u.
10
Suppose -5*t + a + a + 117 = 0, -2*t - a = -54. Suppose 7 = -0*q + q. What is the remainder when t is divided by q?
4
Let c(y) = -2*y - 3. Suppose k - 4*k + 12 = -h, 0 = -3*h - 3*k. Suppose -8*m + 25 = -3*m. Calculate the remainder when m is divided by c(h).
2
Let h(m) be the third derivative of -1/6*m**3 + 1/3*m**4 + 0*m + 0 + m**2. Calculate the remainder when h(1) is divided by 4.
3
Let t(c) = c**2 + 5*c - 4. What is the remainder when t(-6) is divided by 2?
0
Let w(f) = -f**2 - 27*f - 37. What is the remainder when w(-12) is divided by 48?
47
Suppose 2*r - 7*r = -d - 12, -3*d - 6 = -5*r. Suppose -2*x - x - g = -29, 0 = x + d*g - 15. Calculate the remainder when x is divided by 5.
4
Let v(o) = o**3 + 3*o**2 + 4. Let u(q) = -q**3 + 6*q**2 - 7*q - 1. What is the remainder when v(-3) is divided by u(4)?
1
Suppose -59 + 5 = -3*a. Let m = 2 + -1. What is the remainder when (-50 - 2 - m)/(-1) is divided by a?
17
Calculate the remainder when 0 + (-20)/(0 - 1) is divided by (-1)/3 + (-44)/(-6).
6
Let g = -45 + 70. Calculate the remainder when g is divided by 13.
12
Let c(s) = -s**3 - 6*s**2 + 7*s + 6. Let a be c(-7). Let n = -4 + a. Calculate the remainder when n is divided by 2 - (-2*1 + 2).
0
Let a(v) = v**2 + 8*v - 5. Let r be a(-9). Suppose z + r = 3*z. Suppose 3*k - 5 = z*k. Calculate the remainder when k is divided by 2.
1
Let n(a) = 2*a**2 + 14*a - 29. Calculate the remainder when 24 is divided by n(-9).
3
Let u be -2 - (-1 + -36)*4. Suppose -4*x + u = -2*x. Calculate the remainder when x is divided by 25.
23
What is the remainder when 52 is divided by ((-108)/(-21))/((-52)/14 + 4)?
16
Let u = -106 - -187. What is the remainder when u is divided by 21?
18
Calculate the remainder when 4 is divided by (6/4)/((-6)/(-4)).
0
Let u = 11 - -1. Let q = u - -1. Calculate the remainder when q is divided by 4.
1
Suppose 4*h - 3*h = 199. Calculate the remainder when h is divided by 50.
49
Suppose -4*t = -21 + 1. Suppose 2*g + 3*a - 19 = 0, -t*g + 2*a = -a - 100. Calculate the remainder when 31 is divided by g.
14
Let c(a) = 2*a**2 - 8*a + 4. Let v(u) = -5*u**3 + 2*u**2 + u. Let k be v(-1). What is the remainder when c(k) is divided by 10?
8
Let m(j) = 17*j**2 - 2*j - 2. Calculate the remainder when 31 is divided by m(-1).
14
Calculate the remainder when -3*(-10)/15 - -85 is divided by 15.
12
Let u(g) = g + 8. Let h be u(-6). Calculate the remainder when ((-12)/(-18))/(h/177) is divided by 20.
19
Let y = 11 - 12. Let b be y/2*(-2 + -2). Suppose 3*o + o = -b*l + 24, -3*l = -5*o + 30. Calculate the remainder when 22 is divided by o.
4
Let k = 105 - 18. What is the remainder when k is divided by 22?
21
Suppose 2*q = -2*l - 14, 2*q - l - 2*l = -9. Let b = q - -15. Calculate the remainder when 17 is divided by b.
8
What is the remainder when (-3)/6 + 573/6 is divided by 24?
23
Let h be 1/((-36)/(-34) + -1). Let d = h - 11. Let q = -4 + d. Calculate the remainder when 4 is divided by q.
0
Let f = 12 + -5. Let z =